{"id":224,"date":"2018-09-06T18:30:14","date_gmt":"2018-09-06T18:30:14","guid":{"rendered":"https:\/\/melerorodriguez.com\/formacion\/?post_type=product&#038;p=224"},"modified":"2022-09-22T12:17:00","modified_gmt":"2022-09-22T12:17:00","slug":"mini-curso-newborn-4-continentes","status":"publish","type":"product","link":"https:\/\/melerorodriguez.com\/formacion\/video\/mini-curso-newborn-4-continentes\/","title":{"rendered":"Fotograf\u00eda Newborn Poses en 4 Continentes"},"content":{"rendered":"<h4>Mini Curso de Fotograf\u00eda Newborn Posado en 4 continentes:<\/h4>\n<p>(\u00cdntegramente en Espa\u00f1ol) Si compras este curso estando fuera de Argentina tendr\u00e1s que seleccionar la opci\u00f3n Paypal<\/p>\n<h4>Que ver\u00e1s:<\/h4>\n<ul>\n<li>2 horas y 30 minutos de trabajo en donde ver\u00e1s el armado y posado con 1 beb\u00e9 en 4 diferentes continentes<\/li>\n<li>Armado de props<\/li>\n<li>Explicaci\u00f3n detallada para el armado de cada pose<\/li>\n<li>Wrap efectivo<\/li>\n<li>Ver\u00e1s las tomas en crudo (SOOC) en el momento en que son realizadas<\/li>\n<li>Utilizaci\u00f3n de luz natural para el armado de estas poses, \u00e1ngulos, planos y encuadres<\/li>\n<li>Workflow<\/li>\n<li>Nuestro seteo de c\u00e1mara (diafragma, velocidad, ISO, etc)<\/li>\n<li>Cu\u00e1les son nuestros props y proveedoras recomendadas<\/li>\n<\/ul>\n<h4>Bonus<\/h4>\n<p>Edici\u00f3n: realizaremos la edici\u00f3n de 1 fotograf\u00eda para que veas nuestro proceso simple y efectivo.<\/p>\n<h4>Cerificado<\/h4>\n<p>Para obtener tu certificado deber\u00e1s enviarnos a nuestro correo* 3 fotos (en continente) realizadas luego del curso para evaluar tu aprendizaje. Te enviaremos a tu correo un certificado de participaci\u00f3n en la capacitaci\u00f3n Online melero rodriguez\u00ae que podr\u00e1s imprimir. *nuestros correo: workshop@melerorodriguez.com<\/p>\n<p>Duraci\u00f3n: este curso podr\u00e1s verlo las veces que quieras de por vida<\/p>\n<p>Para este curso hemos utilizado 2 c\u00e1maras de video en simult\u00e1neo (con operadores) y micr\u00f3fonos individuales, para que no te pierdas ning\u00fan detalle. Grabado integramente en nuestro estudio de Rosario Argentina. (\u00a9 2018 melero rodriguez\u00ae Online Facebook LIVE\u00a0Broadcast)<\/p>\n<p>Esperamos que puedas ser parte de esta capacitaci\u00f3n!<\/p>\n<p><img loading=\"lazy\" class=\"alignnone size-full wp-image-1205\" src=\"https:\/\/melerorodriguez.com\/formacion\/wp-content\/uploads\/unoauno-4julio0513-copia.jpg\" alt=\"\" width=\"2000\" height=\"1335\" srcset=\"https:\/\/melerorodriguez.com\/formacion\/wp-content\/uploads\/unoauno-4julio0513-copia.jpg 2000w, https:\/\/melerorodriguez.com\/formacion\/wp-content\/uploads\/unoauno-4julio0513-copia-768x513.jpg 768w, https:\/\/melerorodriguez.com\/formacion\/wp-content\/uploads\/unoauno-4julio0513-copia-416x278.jpg 416w\" sizes=\"(max-width: 2000px) 100vw, 2000px\" \/> <img loading=\"lazy\" class=\"alignnone size-full wp-image-1204\" src=\"https:\/\/melerorodriguez.com\/formacion\/wp-content\/uploads\/unoauno-4julio0505-copia.jpg\" alt=\"\" width=\"2000\" height=\"1335\" srcset=\"https:\/\/melerorodriguez.com\/formacion\/wp-content\/uploads\/unoauno-4julio0505-copia.jpg 2000w, https:\/\/melerorodriguez.com\/formacion\/wp-content\/uploads\/unoauno-4julio0505-copia-768x513.jpg 768w, https:\/\/melerorodriguez.com\/formacion\/wp-content\/uploads\/unoauno-4julio0505-copia-416x278.jpg 416w\" sizes=\"(max-width: 2000px) 100vw, 2000px\" \/> <img loading=\"lazy\" class=\"alignnone size-full wp-image-1203\" src=\"https:\/\/melerorodriguez.com\/formacion\/wp-content\/uploads\/unoauno-4julio0504-copia.jpg\" alt=\"\" width=\"2000\" height=\"1335\" srcset=\"https:\/\/melerorodriguez.com\/formacion\/wp-content\/uploads\/unoauno-4julio0504-copia.jpg 2000w, https:\/\/melerorodriguez.com\/formacion\/wp-content\/uploads\/unoauno-4julio0504-copia-768x513.jpg 768w, https:\/\/melerorodriguez.com\/formacion\/wp-content\/uploads\/unoauno-4julio0504-copia-416x278.jpg 416w\" sizes=\"(max-width: 2000px) 100vw, 2000px\" \/> <img loading=\"lazy\" class=\"alignnone size-full wp-image-1202\" src=\"https:\/\/melerorodriguez.com\/formacion\/wp-content\/uploads\/unoauno-4julio0489-copia.jpg\" alt=\"\" width=\"2000\" height=\"1335\" srcset=\"https:\/\/melerorodriguez.com\/formacion\/wp-content\/uploads\/unoauno-4julio0489-copia.jpg 2000w, https:\/\/melerorodriguez.com\/formacion\/wp-content\/uploads\/unoauno-4julio0489-copia-768x513.jpg 768w, https:\/\/melerorodriguez.com\/formacion\/wp-content\/uploads\/unoauno-4julio0489-copia-416x278.jpg 416w\" sizes=\"(max-width: 2000px) 100vw, 2000px\" \/> <img loading=\"lazy\" class=\"alignnone size-full wp-image-1201\" src=\"https:\/\/melerorodriguez.com\/formacion\/wp-content\/uploads\/unoauno-4julio0484-copia.jpg\" alt=\"\" width=\"2000\" height=\"1335\" srcset=\"https:\/\/melerorodriguez.com\/formacion\/wp-content\/uploads\/unoauno-4julio0484-copia.jpg 2000w, https:\/\/melerorodriguez.com\/formacion\/wp-content\/uploads\/unoauno-4julio0484-copia-768x513.jpg 768w, https:\/\/melerorodriguez.com\/formacion\/wp-content\/uploads\/unoauno-4julio0484-copia-416x278.jpg 416w\" sizes=\"(max-width: 2000px) 100vw, 2000px\" \/> <img loading=\"lazy\" class=\"alignnone size-full wp-image-1200\" src=\"https:\/\/melerorodriguez.com\/formacion\/wp-content\/uploads\/unoauno-4julio0481ok-copia.jpg\" alt=\"\" width=\"2000\" height=\"1335\" srcset=\"https:\/\/melerorodriguez.com\/formacion\/wp-content\/uploads\/unoauno-4julio0481ok-copia.jpg 2000w, https:\/\/melerorodriguez.com\/formacion\/wp-content\/uploads\/unoauno-4julio0481ok-copia-768x513.jpg 768w, https:\/\/melerorodriguez.com\/formacion\/wp-content\/uploads\/unoauno-4julio0481ok-copia-416x278.jpg 416w\" sizes=\"(max-width: 2000px) 100vw, 2000px\" \/> <img loading=\"lazy\" class=\"alignnone size-full wp-image-1199\" src=\"https:\/\/melerorodriguez.com\/formacion\/wp-content\/uploads\/unoauno-4julio0477-copia.jpg\" alt=\"\" width=\"2000\" height=\"1335\" srcset=\"https:\/\/melerorodriguez.com\/formacion\/wp-content\/uploads\/unoauno-4julio0477-copia.jpg 2000w, https:\/\/melerorodriguez.com\/formacion\/wp-content\/uploads\/unoauno-4julio0477-copia-768x513.jpg 768w, https:\/\/melerorodriguez.com\/formacion\/wp-content\/uploads\/unoauno-4julio0477-copia-416x278.jpg 416w\" sizes=\"(max-width: 2000px) 100vw, 2000px\" \/> <img loading=\"lazy\" class=\"alignnone size-full wp-image-1198\" src=\"https:\/\/melerorodriguez.com\/formacion\/wp-content\/uploads\/unoauno-4julio0473-copia.jpg\" alt=\"\" width=\"2000\" height=\"1335\" srcset=\"https:\/\/melerorodriguez.com\/formacion\/wp-content\/uploads\/unoauno-4julio0473-copia.jpg 2000w, https:\/\/melerorodriguez.com\/formacion\/wp-content\/uploads\/unoauno-4julio0473-copia-768x513.jpg 768w, https:\/\/melerorodriguez.com\/formacion\/wp-content\/uploads\/unoauno-4julio0473-copia-416x278.jpg 416w\" sizes=\"(max-width: 2000px) 100vw, 2000px\" \/> <img loading=\"lazy\" class=\"alignnone size-full wp-image-1197\" src=\"https:\/\/melerorodriguez.com\/formacion\/wp-content\/uploads\/unoauno-4julio0447-copia.jpg\" alt=\"\" width=\"2000\" height=\"1335\" srcset=\"https:\/\/melerorodriguez.com\/formacion\/wp-content\/uploads\/unoauno-4julio0447-copia.jpg 2000w, https:\/\/melerorodriguez.com\/formacion\/wp-content\/uploads\/unoauno-4julio0447-copia-768x513.jpg 768w, https:\/\/melerorodriguez.com\/formacion\/wp-content\/uploads\/unoauno-4julio0447-copia-416x278.jpg 416w\" sizes=\"(max-width: 2000px) 100vw, 2000px\" \/> <img loading=\"lazy\" class=\"alignnone size-full wp-image-1196\" src=\"https:\/\/melerorodriguez.com\/formacion\/wp-content\/uploads\/unoauno-4julio0443-copia.jpg\" alt=\"\" width=\"2000\" height=\"1335\" srcset=\"https:\/\/melerorodriguez.com\/formacion\/wp-content\/uploads\/unoauno-4julio0443-copia.jpg 2000w, https:\/\/melerorodriguez.com\/formacion\/wp-content\/uploads\/unoauno-4julio0443-copia-768x513.jpg 768w, https:\/\/melerorodriguez.com\/formacion\/wp-content\/uploads\/unoauno-4julio0443-copia-416x278.jpg 416w\" sizes=\"(max-width: 2000px) 100vw, 2000px\" \/><\/p>\n<h4><strong>Testimonios:<\/strong><\/h4>\n<p><img loading=\"lazy\" class=\"alignnone size-full wp-image-337\" src=\"https:\/\/melerorodriguez.com\/formacion\/wp-content\/uploads\/TESTIMONIOS-MICAELA.jpg\" alt=\"\" width=\"2000\" height=\"1000\" srcset=\"https:\/\/melerorodriguez.com\/formacion\/wp-content\/uploads\/TESTIMONIOS-MICAELA.jpg 2000w, https:\/\/melerorodriguez.com\/formacion\/wp-content\/uploads\/TESTIMONIOS-MICAELA-768x384.jpg 768w, https:\/\/melerorodriguez.com\/formacion\/wp-content\/uploads\/TESTIMONIOS-MICAELA-416x208.jpg 416w\" sizes=\"(max-width: 2000px) 100vw, 2000px\" \/><\/p>\n<p><img loading=\"lazy\" class=\"alignnone size-full wp-image-338\" src=\"https:\/\/melerorodriguez.com\/formacion\/wp-content\/uploads\/TESTIMONIOS-Maga-Maffrand.jpg\" alt=\"\" width=\"2000\" height=\"1000\" srcset=\"https:\/\/melerorodriguez.com\/formacion\/wp-content\/uploads\/TESTIMONIOS-Maga-Maffrand.jpg 2000w, https:\/\/melerorodriguez.com\/formacion\/wp-content\/uploads\/TESTIMONIOS-Maga-Maffrand-768x384.jpg 768w, https:\/\/melerorodriguez.com\/formacion\/wp-content\/uploads\/TESTIMONIOS-Maga-Maffrand-416x208.jpg 416w\" sizes=\"(max-width: 2000px) 100vw, 2000px\" \/><\/p>\n<p><img loading=\"lazy\" class=\"alignnone size-full wp-image-339\" src=\"https:\/\/melerorodriguez.com\/formacion\/wp-content\/uploads\/TESTIMONIOS-andyFranco-cristian.jpg\" alt=\"\" width=\"2000\" height=\"1000\" srcset=\"https:\/\/melerorodriguez.com\/formacion\/wp-content\/uploads\/TESTIMONIOS-andyFranco-cristian.jpg 2000w, https:\/\/melerorodriguez.com\/formacion\/wp-content\/uploads\/TESTIMONIOS-andyFranco-cristian-768x384.jpg 768w, https:\/\/melerorodriguez.com\/formacion\/wp-content\/uploads\/TESTIMONIOS-andyFranco-cristian-416x208.jpg 416w\" sizes=\"(max-width: 2000px) 100vw, 2000px\" \/><\/p>\n<p><img loading=\"lazy\" class=\"alignnone size-full wp-image-342\" src=\"https:\/\/melerorodriguez.com\/formacion\/wp-content\/uploads\/TESTIMONIOS-Cecilia-Garcia.jpg\" alt=\"\" width=\"2000\" height=\"1000\" srcset=\"https:\/\/melerorodriguez.com\/formacion\/wp-content\/uploads\/TESTIMONIOS-Cecilia-Garcia.jpg 2000w, https:\/\/melerorodriguez.com\/formacion\/wp-content\/uploads\/TESTIMONIOS-Cecilia-Garcia-768x384.jpg 768w, https:\/\/melerorodriguez.com\/formacion\/wp-content\/uploads\/TESTIMONIOS-Cecilia-Garcia-416x208.jpg 416w\" sizes=\"(max-width: 2000px) 100vw, 2000px\" \/><\/p>\n<p>&nbsp;<\/p>\n","protected":false},"excerpt":{"rendered":"<p>Mini Curso de Fotograf\u00eda Newborn Posado en 4 continentes: (\u00cdntegramente en Espa\u00f1ol) Si compras este curso estando fuera de Argentina tendr\u00e1s que seleccionar la opci\u00f3n Paypal Que ver\u00e1s: 2 horas y 30 minutos de trabajo en donde ver\u00e1s el armado y posado con 1 beb\u00e9 en 4 diferentes continentes Armado de props Explicaci\u00f3n detallada para [&hellip;]<\/p>\n","protected":false},"featured_media":1506,"template":"","meta":[],"product_cat":[15,18,16],"product_tag":[],"acf":[],"_links":{"self":[{"href":"https:\/\/melerorodriguez.com\/formacion\/wp-json\/wp\/v2\/product\/224"}],"collection":[{"href":"https:\/\/melerorodriguez.com\/formacion\/wp-json\/wp\/v2\/product"}],"about":[{"href":"https:\/\/melerorodriguez.com\/formacion\/wp-json\/wp\/v2\/types\/product"}],"wp:featuredmedia":[{"embeddable":true,"href":"https:\/\/melerorodriguez.com\/formacion\/wp-json\/wp\/v2\/media\/1506"}],"wp:attachment":[{"href":"https:\/\/melerorodriguez.com\/formacion\/wp-json\/wp\/v2\/media?parent=224"}],"wp:term":[{"taxonomy":"product_cat","embeddable":true,"href":"https:\/\/melerorodriguez.com\/formacion\/wp-json\/wp\/v2\/product_cat?post=224"},{"taxonomy":"product_tag","embeddable":true,"href":"https:\/\/melerorodriguez.com\/formacion\/wp-json\/wp\/v2\/product_tag?post=224"}],"curies":[{"name":"wp","href":"https:\/\/api.w.org\/{rel}","templated":true}]}}